183
Calculate the remainder when 9170 is divided by 1151.
1113
Calculate the remainder when 41136 is divided by 23.
12
Calculate the remainder when 1407 is divided by 496.
415
Calculate the remainder when 21907 is divided by 4378.
17
Calculate the remainder when 67061 is divided by 114.
29
Calculate the remainder when 41211 is divided by 90.
81
What is the remainder when 86711 is divided by 98?
79
Calculate the remainder when 7246 is divided by 3613.
20
What is the remainder when 3817 is divided by 49?
44
Calculate the remainder when 28430 is divided by 6925.
730
What is the remainder when 295 is divided by 19?
10
What is the remainder when 5578 is divided by 2784?
10
Calculate the remainder when 489697 is divided by 683.
669
What is the remainder when 7942 is divided by 2641?
19
Calculate the remainder when 23440 is divided by 295.
135
What is the remainder when 308507 is divided by 2337?
23
What is the remainder when 37788 is divided by 18830?
128
Calculate the remainder when 54357 is divided by 15.
12
Calculate the remainder when 364 is divided by 52.
0
Calculate the remainder when 35264 is divided by 28.
12
Calculate the remainder when 1741541 is divided by 137.
134
What is the remainder when 338089 is divided by 52?
37
Calculate the remainder when 5397 is divided by 115.
107
What is the remainder when 149364 is divided by 957?
72
What is the remainder when 5281 is divided by 744?
73
What is the remainder when 12335 is divided by 1000?
335
What is the remainder when 2615 is divided by 177?
137
Calculate the remainder when 625537 is divided by 761.
756
Calculate the remainder when 19863 is divided by 658.
123
What is the remainder when 108586 is divided by 68?
58
What is the remainder when 42654 is divided by 257?
249
What is the remainder when 10221511 is divided by 28?
27
What is the remainder when 32801 is divided by 349?
344
What is the remainder when 554 is divided by 475?
79
What is the remainder when 302 is divided by 228?
74
Calculate the remainder when 31819 is divided by 15909.
1
What is the remainder when 16666 is divided by 28?
6
What is the remainder when 72472 is divided by 10?
2
What is the remainder when 29893 is divided by 56?
45
What is the remainder when 12120 is divided by 12093?
27
What is the remainder when 1246 is divided by 312?
310
Calculate the remainder when 1549 is divided by 306.
19
Calculate the remainder when 58470 is divided by 173.
169
Calculate the remainder when 3901 is divided by 374.
161
Calculate the remainder when 30768 is divided by 7688.
16
Calculate the remainder when 218357 is divided by 3034.
2943
Calculate the remainder when 69542 is divided by 3660.
2
Calculate the remainder when 122874 is divided by 278.
276
Calculate the remainder when 236083 is divided by 6.
1
What is the remainder when 143745 is divided by 99?
96
What is the remainder when 880 is divided by 265?
85
Calculate the remainder when 3764 is divided by 652.
504
Calculate the remainder when 2674935 is divided by 256.
247
Calculate the remainder when 628211 is divided by 314098.
15
What is the remainder when 1957 is divided by 90?
67
What is the remainder when 67738 is divided by 30?
28
What is the remainder when 4962 is divided by 1229?
46
What is the remainder when 175269 is divided by 1826?
1799
What is the remainder when 3720 is divided by 1223?
51
Calculate the remainder when 7136 is divided by 511.
493
Calculate the remainder when 5124867 is divided by 95.
92
Calculate the remainder when 513552 is divided by 67.
64
Calculate the remainder when 17727 is divided by 454.
21
What is the remainder when 4071 is divided by 58?
11
Calculate the remainder when 572 is divided by 109.
27
Calculate the remainder when 29651 is divided by 7403.
39
Calculate the remainder when 1647 is divided by 83.
70
What is the remainder when 428738 is divided by 224?
2
What is the remainder when 9678 is divided by 4202?
1274
What is the remainder when 267 is divided by 165?
102
Calculate the remainder when 29905 is divided by 120.
25
What is the remainder when 191674 is divided by 55?
54
Calculate the remainder when 125420 is divided by 725.
720
What is the remainder when 8004 is divided by 2471?
591
Calculate the remainder when 786 is divided by 193.
14
Calculate the remainder when 37074 is divided by 174.
12
What is the remainder when 372 is divided by 19?
11
What is the remainder when 9419 is divided by 4666?
87
Calculate the remainder when 15652 is divided by 285.
262
Calculate the remainder when 42029 is divided by 93.
86
Calculate the remainder when 3021 is divided by 546.
291
Calculate the remainder when 497564 is divided by 584.
580
Calculate the remainder when 49427 is divided by 63.
35
Calculate the remainder when 1407052 is divided by 22.
20
Calculate the remainder when 10631 is divided by 258.
53
What is the remainder when 6561 is divided by 196?
93
What is the remainder when 175099 is divided by 512?
507
What is the remainder when 168113 is divided by 52?
49
Calculate the remainder when 7742 is divided by 369.
362
What is the remainder when 5605 is divided by 254?
17
What is the remainder when 6435 is divided by 96?
3
What is the remainder when 5084 is divided by 2129?
826
Calculate the remainder when 21321 is divided by 64.
9
What is the remainder when 13302 is divided by 9?
0
What is the remainder when 71733 is divided by 366?
363
Calculate the remainder when 60295 is divided by 12.
7
What is the remainder when 37837 is divided by 91?
72
What is the remainder when 11232 is divided by 933?
36
What is the remainder when 5158 is divided by 37?
15
What is the remainder when 72795 is divided by 707?
681
What is the remainder when 2284 is divided by 555?
64
What is the remainder when 2191 is divided by 202?
171
Calculate the remainder when 79912 is divided by 761.
7
Calculate the remainder when 6160617 is divided by 1081.
1079
Calculate the remainder when 9259 is divided by 9033.
226
What is the remainder when 112540 is divided by 290?
20
Calculate the remainder when 604782 is divided by 14.
10
Calculate the remainder when 195242 is divided by 453.
452
What is the remainder when 611780 is divided by 293?
289
Calculate the remainder when 1183 is divided by 282.
55
Calculate the remainder when 48544 is divided by 9690.
94
What is the remainder when 23430 is divided by 4681?
25
Calculate the remainder when 207 is divided by 103.
1
What is the remainder when 29236 is divided by 38?
14
Calculate the remainder when 142705 is divided by 402.
397
What is the remainder when 91853 is divided by 30614?
11
Calculate the remainder when 8356 is divided by 4158.
40
Calculate the remainder when 3456 is divided by 101.
22
Calculate the remainder when 19179 is divided by 18888.
291
What is the remainder when 3843 is divided by 85?
18
What is the remainder when 45874 is divided by 42?
10
Calculate the remainder when 25643 is divided by 8544.
11
What is the remainder when 273165 is divided by 463?
458
What is the remainder when 3488198 is divided by 535?
533
Calculate the remainder when 49130 is divided by 6141.
2
What is the remainder when 1159 is divided by 154?
81
Calculate the remainder when 25616 is divided by 20.
16
What is the remainder when 5072 is divided by 890?
622
Calculate the remainder when 796 is divided by 63.
40
Calculate the remainder when 17437 is divided by 67.
17
What is the remainder when 26567 is divided by 85?
47
What is the remainder when 113649 is divided by 21?
18
What is the remainder when 1678 is divided by 60?
58
What is the remainder when 7736 is divided by 2570?
26
What is the remainder when 5059 is divided by 1318?
1105
What is the remainder when 9412 is divided by 8475?
937
Calculate the remainder when 141346 is divided by 228.
214
Calculate the remainder when 41027 is divided by 78.
77
What is the remainder when 363426 is divided by 90855?
6
What is the remainder when 6189 is divided by 41?
39
What is the remainder when 30537 is divided by 9982?
591
Calculate the remainder when 560588 is divided by 458.
454
What is the remainder when 1442 is divided by 232?
50
What is the remainder when 212604 is divided by 53149?
8
What is the remainder when 9262 is divided by 27?
1
What is the remainder when 7315 is divided by 668?
635
Calcu